{"id":14,"date":"2022-03-14T02:21:56","date_gmt":"2022-03-14T02:21:56","guid":{"rendered":"https:\/\/dhial.org\/portada\/?page_id=14"},"modified":"2025-04-13T05:52:32","modified_gmt":"2025-04-13T05:52:32","slug":"inicio","status":"publish","type":"page","link":"https:\/\/dhial.org\/","title":{"rendered":"Inicio"},"content":{"rendered":"<div class=\"lazyblock-buscador-Z13E1Qc wp-block-lazyblock-buscador\"><section class=\"inicio_dhial\">\n\t<div class=\"imgs\">\n\t\t<img decoding=\"async\" src=\"https:\/\/dhial.org\/wp-content\/uploads\/2022\/04\/eyal1wOG.png\" alt=\"\">\n\t\t<img decoding=\"async\" src=\"https:\/\/dhial.org\/wp-content\/uploads\/2022\/03\/LOGO-UPAEP-para-web.png\" alt=\"\">\n\t<\/div>\n\t<div class=\"centered\">\n\t\t<p class=\"title_dhial\" data-aos=\"fade-up\" data-os-delay=\"200\"      data-aos-easing=\"ease-out-cubic\">\u00a1Bienvenido al DHIAL!<\/p>\n\t\t<p class=\"titulo dhial\" data-aos=\"fade-up\" data-os-delay=\"200\"      data-aos-easing=\"ease-out-cubic\">La plataforma m\u00e1s amplia y completa sobre el aporte de la Iglesia cat\u00f3lica y sus instituciones a la historia cultural de Am\u00e9rica Latina. Mediante el siguiente buscador podr\u00e1s navegar en m\u00e1s de 1500 art\u00edculos acad\u00e9micos escritos por 350 autores de las m\u00e1s prestigiosas instituciones de todo el Continente.  A continuaci\u00f3n escribe tu tema de inter\u00e9s y encuentra las respuestas que buscas en la base de datos desarrollada en un entorno Wiki.<\/p>\n\t\t<br>\n\t\t<div class=\"buscador\">\n\t\t\t<form action=\"https:\/\/dhial.org\/diccionario\/index.php\" target=\"_blank\" data-aos=\"fade-up\" ata-aos-easing=\"ease-out-cubic\">\n\t\t\t\t<div class=\"lupa\"><img decoding=\"async\" src=\"https:\/\/dhial.org\/wp-content\/uploads\/2022\/03\/Grupo-95.png\"><\/div>\n\t\t\t\t<input type=\"text\" name=\"search\" placeholder=\"Busca tu tema de inter\u00e9s en el glosario\">\n\t\t\t<\/form>\n\t\t<\/div>\n\t<\/div>\n<\/section>\n<link href=\"https:\/\/dhial.org\/wp-content\/themes\/twentytwentyone-child\/blocks\/lazyblock-buscador\/style.css?v=1777728598\" rel=\"stylesheet\">\n<section class=\"temaricas_dhial\">\n\t<h1>Temas<\/h1>\n\t<div class=\"botones\">\n\t\t<div class=\"boton boton_generales\">GENERALES<\/div>\n\t\t<div class=\"boton boton_regionales\">REGIONALES<\/div>\n\t<\/div>\n\t<div class=\"contenido\">\n\t\t<div class=\"contenido__item\" id=\"generales\">\n\t\t\t\t\t\t<div class=\"posts-block__temas\">\n\t\t\t\t<div class=\"portadas-grid\">\n\t\t\t\t\t\t\t\t\t\t<div class=\"item\" data-aos=\"fade-up\" data-aos-delay=\"100\" data-aos-easing=\"ease-out-cubic\">\n\t\t\t\t\t\t<a href=\"https:\/\/dhial.org\/?p=2467\">\n\t\t\t\t\t\t\t<div class=\"img-container\">\n\t\t\t\t\t\t\t\t\t\t\t\t\t\t\t<\/div>\n\t\t\t\t\t\t\t<p>Culturas Precolombinas<\/p>\n\t\t\t\t\t\t<\/a>\n\t\t\t\t\t<\/div>\n\t\t\t\t\t \n\t\t\t\t\t\t\t\t\t\t<div class=\"item\" data-aos=\"fade-up\" data-aos-delay=\"200\" data-aos-easing=\"ease-out-cubic\">\n\t\t\t\t\t\t<a href=\"https:\/\/dhial.org\/?p=2469\">\n\t\t\t\t\t\t\t<div class=\"img-container\">\n\t\t\t\t\t\t\t\t\t\t\t\t\t\t\t<\/div>\n\t\t\t\t\t\t\t<p>Exploraci\u00f3n y conquista<\/p>\n\t\t\t\t\t\t<\/a>\n\t\t\t\t\t<\/div>\n\t\t\t\t\t \n\t\t\t\t\t\t\t\t\t\t<div class=\"item\" data-aos=\"fade-up\" data-aos-delay=\"300\" data-aos-easing=\"ease-out-cubic\">\n\t\t\t\t\t\t<a href=\"https:\/\/dhial.org\/?p=2471\">\n\t\t\t\t\t\t\t<div class=\"img-container\">\n\t\t\t\t\t\t\t\t\t\t\t\t\t\t\t<\/div>\n\t\t\t\t\t\t\t<p>Evangelizaci\u00f3n<\/p>\n\t\t\t\t\t\t<\/a>\n\t\t\t\t\t<\/div>\n\t\t\t\t\t \n\t\t\t\t\t\t\t\t\t\t<div class=\"item\" data-aos=\"fade-up\" data-aos-delay=\"400\" data-aos-easing=\"ease-out-cubic\">\n\t\t\t\t\t\t<a href=\"https:\/\/dhial.org\/?p=2473\">\n\t\t\t\t\t\t\t<div class=\"img-container\">\n\t\t\t\t\t\t\t\t\t\t\t\t\t\t\t<\/div>\n\t\t\t\t\t\t\t<p>\u00f6rdenes Religiosas<\/p>\n\t\t\t\t\t\t<\/a>\n\t\t\t\t\t<\/div>\n\t\t\t\t\t \n\t\t\t\t\t\t\t\t\t\t<div class=\"item\" data-aos=\"fade-up\" data-aos-delay=\"500\" data-aos-easing=\"ease-out-cubic\">\n\t\t\t\t\t\t<a href=\"https:\/\/dhial.org\/?p=2475\">\n\t\t\t\t\t\t\t<div class=\"img-container\">\n\t\t\t\t\t\t\t\t\t\t\t\t\t\t\t<\/div>\n\t\t\t\t\t\t\t<p>Magisterio Eclesi\u00e1stico<\/p>\n\t\t\t\t\t\t<\/a>\n\t\t\t\t\t<\/div>\n\t\t\t\t\t \n\t\t\t\t\t\t\t\t\t\t<div class=\"item\" data-aos=\"fade-up\" data-aos-delay=\"600\" data-aos-easing=\"ease-out-cubic\">\n\t\t\t\t\t\t<a href=\"https:\/\/dhial.org\/?p=2477\">\n\t\t\t\t\t\t\t<div class=\"img-container\">\n\t\t\t\t\t\t\t\t\t\t\t\t\t\t\t<\/div>\n\t\t\t\t\t\t\t<p>Autoridades Civiles<\/p>\n\t\t\t\t\t\t<\/a>\n\t\t\t\t\t<\/div>\n\t\t\t\t\t \n\t\t\t\t\t\t\t\t\t\t<div class=\"item\" data-aos=\"fade-up\" data-aos-delay=\"700\" data-aos-easing=\"ease-out-cubic\">\n\t\t\t\t\t\t<a href=\"https:\/\/dhial.org\/?p=2479\">\n\t\t\t\t\t\t\t<div class=\"img-container\">\n\t\t\t\t\t\t\t\t\t\t\t\t\t\t\t<\/div>\n\t\t\t\t\t\t\t<p>Dignidad y derechos Humanos<\/p>\n\t\t\t\t\t\t<\/a>\n\t\t\t\t\t<\/div>\n\t\t\t\t\t \n\t\t\t\t\t\t\t\t\t<\/div>\n\t\t\t<\/div>\n\t\t<\/div>\n\t\t<div class=\"contenido__item\" id=\"regionales\">\n\t\t\t\t\t\t<div class=\"posts-block__temas\">\n\t\t\t\t<div class=\"portadas-grid\">\n\t\t\t\t\t\t\t\t\t\t<div class=\"item\" data-aos=\"fade-up\" data-aos-delay=\"100\" data-aos-easing=\"ease-out-cubic\">\n\t\t\t\t\t\t<a href=\"https:\/\/dhial.org\/?p=2481\">\n\t\t\t\t\t\t\t<div class=\"img-container\">\n\t\t\t\t\t\t\t\t\t\t\t\t\t\t\t<\/div>\n\t\t\t\t\t\t\t<p>Am\u00e9rica Septentrional<\/p>\n\t\t\t\t\t\t<\/a>\n\t\t\t\t\t<\/div>\n\t\t\t\t\t \n\t\t\t\t\t\t\t\t\t\t<div class=\"item\" data-aos=\"fade-up\" data-aos-delay=\"200\" data-aos-easing=\"ease-out-cubic\">\n\t\t\t\t\t\t<a href=\"https:\/\/dhial.org\/?p=2483\">\n\t\t\t\t\t\t\t<div class=\"img-container\">\n\t\t\t\t\t\t\t\t\t\t\t\t\t\t\t<\/div>\n\t\t\t\t\t\t\t<p>Mesoam\u00e9rica, Centroam\u00e9rica y Caribe<\/p>\n\t\t\t\t\t\t<\/a>\n\t\t\t\t\t<\/div>\n\t\t\t\t\t \n\t\t\t\t\t\t\t\t\t\t<div class=\"item\" data-aos=\"fade-up\" data-aos-delay=\"300\" data-aos-easing=\"ease-out-cubic\">\n\t\t\t\t\t\t<a href=\"https:\/\/dhial.org\/?p=2485\">\n\t\t\t\t\t\t\t<div class=\"img-container\">\n\t\t\t\t\t\t\t\t\t\t\t\t\t\t\t<\/div>\n\t\t\t\t\t\t\t<p>Zona Andina<\/p>\n\t\t\t\t\t\t<\/a>\n\t\t\t\t\t<\/div>\n\t\t\t\t\t \n\t\t\t\t\t\t\t\t\t\t<div class=\"item\" data-aos=\"fade-up\" data-aos-delay=\"400\" data-aos-easing=\"ease-out-cubic\">\n\t\t\t\t\t\t<a href=\"https:\/\/dhial.org\/?p=2487\">\n\t\t\t\t\t\t\t<div class=\"img-container\">\n\t\t\t\t\t\t\t\t\t\t\t\t\t\t\t<\/div>\n\t\t\t\t\t\t\t<p>Cono Sur<\/p>\n\t\t\t\t\t\t<\/a>\n\t\t\t\t\t<\/div>\n\t\t\t\t\t \n\t\t\t\t\t\t\t\t\t\t<div class=\"item\" data-aos=\"fade-up\" data-aos-delay=\"500\" data-aos-easing=\"ease-out-cubic\">\n\t\t\t\t\t\t<a href=\"https:\/\/dhial.org\/?p=2489\">\n\t\t\t\t\t\t\t<div class=\"img-container\">\n\t\t\t\t\t\t\t\t\t\t\t\t\t\t\t<\/div>\n\t\t\t\t\t\t\t<p>Brasil<\/p>\n\t\t\t\t\t\t<\/a>\n\t\t\t\t\t<\/div>\n\t\t\t\t\t \n\t\t\t\t\t\t\t\t\t<\/div>\n\t\t\t<\/div>\n\t\t<\/div>\n\t<\/div>\n<\/section>\n<div class=\"linea\"><\/div>\n<div class=\"centered\">\n\t<p>Enigmas de la historia:<\/p>\n\t<p>A continuaci\u00f3n presentamos una selecci\u00f3n de grandes temas de inter\u00e9s, tratados con el m\u00e1ximo rigor acad\u00e9mico. Te invitamos a adentrarte en algunas de las m\u00e1s a\u00f1ejas preguntas hist\u00f3ricas sobre la Iglesia y Am\u00e9rica Latina.<\/p>\n<\/div>\n  <script src=\"https:\/\/cdn.jsdelivr.net\/npm\/jquery@3.6.4\/dist\/jquery.min.js\"><\/script>\n<script>\n\t$( document ).ready(function() {\n\t\t$( \".boton_generales\" ).on( \"click\", function() {\n\t\t\t$(\".botones .boton\").removeClass( \"boton_active\" );\n\t\t\t$(this).toggleClass( \"boton_active\" );\n\t\t\t$(\"#regionales\").removeAttr(\"style\"); \n\t\t\t$(\"#generales\").slideToggle( \"slow\" );\n\t\t});\n\n\t\t$( \".boton_regionales\" ).on( \"click\", function() {\n\t\t\t$(\".botones .boton\").removeClass( \"boton_active\" );\n\t\t\t$(this).toggleClass( \"boton_active\" );\n\t\t\t$(\"#generales\").removeAttr(\"style\"); \n\t\t\t$(\"#regionales\").slideToggle( \"slow\" );\n\t\t});\n\t});\n<\/script><\/div>\n\n<div class=\"lazyblock-portadas-cuadricula-Z2fvqq2 wp-block-lazyblock-portadas-cuadricula\"><div class=\"posts-block\">\r\n\r\n<div class=\"portadas-grid\">\r\n\r\n\r\n<\/div>\r\n\r\n<div class=\"more\">\r\n<button class=\"loadmore\">Ver m\u00e1s<\/button>\r\n        <span class=\"no-more-post\"><\/span>\r\n\t\t\t\t\t\r\n<\/div>\r\n\r\n<\/div><\/div>\n\n<div class=\"lazyblock-voces-autores-1gOStm wp-block-lazyblock-voces-autores\"><div class=\"voces-autores\"  data-aos=\"fade-up\" data-os-delay=\"200\"      data-aos-easing=\"ease-out-cubic\">\r\n\t<div class=\"voces\">\r\n\t\t<div class=\"icon\">\r\n\t\t\t<img decoding=\"async\" src=\"https:\/\/dhial.org\/wp-content\/uploads\/2022\/03\/Grupo-161.png\">\r\n\t\t<\/div>\r\n\t\t<div class=\"text\">\r\n\t\t<p class=\"number\"><span id=\"0101\">1500<\/span<\/p>\r\n\t\t<p>Voces<\/p>\r\n\r\n\t\t<\/div>\r\n\t<\/div>\r\n\t<div class=\"autores-num\"  data-aos=\"fade-up\" data-os-delay=\"200\"      data-aos-easing=\"ease-out-cubic\">\r\n\t<div class=\"icon\">\r\n\t<img decoding=\"async\" src=\"https:\/\/dhial.org\/wp-content\/uploads\/2022\/03\/Grupo-162.png\">\r\n\r\n\t<\/div>\r\n\t<div class=\"text\">\r\n\r\n\t\t<p class=\"number\"><span id=\"0102\">350<\/span<\/p>\r\n<p>Autores<\/p>\r\n<\/div>\r\n\t<\/div>\r\n<\/div>\r\n\r\n<script>\r\n\tfunction animate(obj, initVal, lastVal, duration) {\r\n\r\nlet startTime = null;\r\n\r\n\/\/get the current timestamp and assign it to the currentTime variable\r\nlet currentTime = Date.now();\r\n\r\n\/\/pass the current timestamp to the step function\r\nconst step = (currentTime ) => {\r\n\r\n\t\t\/\/if the start time is null, assign the current time to startTime\r\n\t\tif (!startTime) {\r\n\t\t\t\t\tstartTime = currentTime ;\r\n\t\t}\r\n\r\n\t\t\/\/calculate the value to be used in calculating the number to be displayed\r\n\t\tconst progress = Math.min((currentTime  - startTime) \/ duration, 1);\r\n\r\n\t\t\/\/calculate what to be displayed using the value gotten above\r\n\t\tobj.innerHTML = Math.floor(progress * (lastVal - initVal) + initVal);\r\n\r\n\t\t\/\/checking to make sure the counter does not exceed the last value (lastVal)\r\n\t\tif (progress < 1) {\r\n\t\t\t\t\twindow.requestAnimationFrame(step);\r\n\t\t}\r\n\t\telse{\r\n\t\t\t\t\twindow.cancelAnimationFrame(window.requestAnimationFrame(step));\r\n\t\t}\r\n};\r\n\r\n\/\/start animating\r\nwindow.requestAnimationFrame(step);\r\n}\r\n\r\nlet text1 = document.getElementById('0101');\r\nlet text2 = document.getElementById('0102');\r\nlet val1 = 1500;\r\nlet val2 = 350;\r\nconst load = () => {\r\nanimate(text1, 0, val1, 3000);\r\nanimate(text2, 0, val2, 3000);\r\n}\r\n\t<\/script><\/div>\n\n","protected":false},"excerpt":{"rendered":"","protected":false},"author":1,"featured_media":0,"parent":0,"menu_order":0,"comment_status":"closed","ping_status":"closed","template":"","meta":{"voices-num":1500,"authors-num":350,"texto":"La plataforma m\u00e1s amplia y completa sobre el aporte de la Iglesia cat\u00f3lica y sus instituciones a la historia cultural de Am\u00e9rica Latina. Mediante el siguiente buscador podr\u00e1s navegar en m\u00e1s de 1500 art\u00edculos acad\u00e9micos escritos por 350 autores de las m\u00e1s prestigiosas instituciones de todo el Continente.  A continuaci\u00f3n escribe tu tema de inter\u00e9s y encuentra las respuestas que buscas en la base de datos desarrollada en un entorno Wiki.","footnotes":""},"class_list":["post-14","page","type-page","status-publish","hentry","entry"],"acf":[],"_links":{"self":[{"href":"https:\/\/dhial.org\/index.php?rest_route=\/wp\/v2\/pages\/14","targetHints":{"allow":["GET"]}}],"collection":[{"href":"https:\/\/dhial.org\/index.php?rest_route=\/wp\/v2\/pages"}],"about":[{"href":"https:\/\/dhial.org\/index.php?rest_route=\/wp\/v2\/types\/page"}],"author":[{"embeddable":true,"href":"https:\/\/dhial.org\/index.php?rest_route=\/wp\/v2\/users\/1"}],"replies":[{"embeddable":true,"href":"https:\/\/dhial.org\/index.php?rest_route=%2Fwp%2Fv2%2Fcomments&post=14"}],"version-history":[{"count":9,"href":"https:\/\/dhial.org\/index.php?rest_route=\/wp\/v2\/pages\/14\/revisions"}],"predecessor-version":[{"id":3184,"href":"https:\/\/dhial.org\/index.php?rest_route=\/wp\/v2\/pages\/14\/revisions\/3184"}],"wp:attachment":[{"href":"https:\/\/dhial.org\/index.php?rest_route=%2Fwp%2Fv2%2Fmedia&parent=14"}],"curies":[{"name":"wp","href":"https:\/\/api.w.org\/{rel}","templated":true}]}}